{"id":4694,"date":"2010-01-31T15:57:47","date_gmt":"2010-01-31T17:57:47","guid":{"rendered":"https:\/\/historiadofutebol.com\/blog\/?page_id=4694"},"modified":"2025-03-16T00:47:15","modified_gmt":"2025-03-16T03:47:15","slug":"copyright","status":"publish","type":"page","link":"https:\/\/historiadofutebol.com\/blog\/?page_id=4694","title":{"rendered":"\u00a9 Copyright (Reclama\u00e7\u00e3o)"},"content":{"rendered":"<p><span style=\"color: #000000;\">Os artigos aqui colocados s\u00e3o de responsabilidade de seus <em>autores<\/em>, sendo necess\u00e1rio para sua reprodu\u00e7\u00e3o a autoriza\u00e7\u00e3o dos mesmos, <strong>\u00c9 REGRA DO HIST\u00d3RIA DO FUTEBOL COLOCA\u00c7\u00c3O OBRIGAT\u00d3RIA DE CR\u00c9DITOS<\/strong>.<\/span><\/p>\n<p><span style=\"color: #000000;\">Caso algum artigo aqui inserido seja de sua autoria e n\u00e3o seja colocado os cr\u00e9ditos, entrar em contato com o administrador para as devidas corre\u00e7\u00f5es.<\/span><\/p>\n","protected":false},"excerpt":{"rendered":"<p>Os artigos aqui colocados s\u00e3o de responsabilidade de seus autores, sendo necess\u00e1rio para sua reprodu\u00e7\u00e3o a autoriza\u00e7\u00e3o dos mesmos, \u00c9 REGRA DO HIST\u00d3RIA DO FUTEBOL COLOCA\u00c7\u00c3O OBRIGAT\u00d3RIA DE CR\u00c9DITOS. Caso algum artigo aqui inserido seja de sua autoria e n\u00e3o seja colocado os cr\u00e9ditos, entrar em contato com o administrador para as devidas corre\u00e7\u00f5es.<\/p>\n","protected":false},"author":55,"featured_media":0,"parent":0,"menu_order":0,"comment_status":"open","ping_status":"closed","template":"","meta":{"footnotes":""},"class_list":["post-4694","page","type-page","status-publish","hentry"],"_links":{"self":[{"href":"https:\/\/historiadofutebol.com\/blog\/index.php?rest_route=\/wp\/v2\/pages\/4694","targetHints":{"allow":["GET"]}}],"collection":[{"href":"https:\/\/historiadofutebol.com\/blog\/index.php?rest_route=\/wp\/v2\/pages"}],"about":[{"href":"https:\/\/historiadofutebol.com\/blog\/index.php?rest_route=\/wp\/v2\/types\/page"}],"author":[{"embeddable":true,"href":"https:\/\/historiadofutebol.com\/blog\/index.php?rest_route=\/wp\/v2\/users\/55"}],"replies":[{"embeddable":true,"href":"https:\/\/historiadofutebol.com\/blog\/index.php?rest_route=%2Fwp%2Fv2%2Fcomments&post=4694"}],"version-history":[{"count":28,"href":"https:\/\/historiadofutebol.com\/blog\/index.php?rest_route=\/wp\/v2\/pages\/4694\/revisions"}],"predecessor-version":[{"id":133005,"href":"https:\/\/historiadofutebol.com\/blog\/index.php?rest_route=\/wp\/v2\/pages\/4694\/revisions\/133005"}],"wp:attachment":[{"href":"https:\/\/historiadofutebol.com\/blog\/index.php?rest_route=%2Fwp%2Fv2%2Fmedia&parent=4694"}],"curies":[{"name":"wp","href":"https:\/\/api.w.org\/{rel}","templated":true}]}}